 317
List the prime factors of 3603.
3, 1201
What are the prime factors of 23?
23
List the prime factors of 5581.
5581
List the prime factors of 2820.
2, 3, 5, 47
List the prime factors of 2315.
5, 463
List the prime factors of 248.
2, 31
What are the prime factors of 28?
2, 7
What are the prime factors of 11319?
3, 7, 11
List the prime factors of 7930.
2, 5, 13, 61
List the prime factors of 13720.
2, 5, 7
What are the prime factors of 38850?
2, 3, 5, 7, 37
What are the prime factors of 511?
7, 73
List the prime factors of 72444.
2, 3, 6037
What are the prime factors of 14207?
14207
List the prime factors of 3604.
2, 17, 53
List the prime factors of 1616.
2, 101
What are the prime factors of 961?
31
List the prime factors of 795.
3, 5, 53
List the prime factors of 10448.
2, 653
List the prime factors of 7823.
7823
What are the prime factors of 18460?
2, 5, 13, 71
What are the prime factors of 1598?
2, 17, 47
List the prime factors of 16043.
61, 263
What are the prime factors of 2253?
3, 751
What are the prime factors of 14025?
3, 5, 11, 17
What are the prime factors of 2746?
2, 1373
What are the prime factors of 1453?
1453
List the prime factors of 299.
13, 23
What are the prime factors of 53659?
23, 2333
List the prime factors of 3112.
2, 389
List the prime factors of 1060.
2, 5, 53
List the prime factors of 3614.
2, 13, 139
What are the prime factors of 34483?
34483
List the prime factors of 8313.
3, 17, 163
What are the prime factors of 21806?
2, 10903
List the prime factors of 7777.
7, 11, 101
What are the prime factors of 1489?
1489
List the prime factors of 13346.
2, 6673
What are the prime factors of 4699?
37, 127
List the prime factors of 12328.
2, 23, 67
What are the prime factors of 728?
2, 7, 13
What are the prime factors of 10523?
17, 619
What are the prime factors of 1092?
2, 3, 7, 13
List the prime factors of 3240.
2, 3, 5
List the prime factors of 13867.
7, 283
What are the prime factors of 37854?
2, 3, 701
What are the prime factors of 28557?
3, 19, 167
List the prime factors of 2208.
2, 3, 23
List the prime factors of 53.
53
What are the prime factors of 710?
2, 5, 71
What are the prime factors of 41469?
3, 23, 601
What are the prime factors of 875?
5, 7
What are the prime factors of 6847?
41, 167
What are the prime factors of 2917?
2917
What are the prime factors of 2954?
2, 7, 211
List the prime factors of 7847.
7, 19, 59
List the prime factors of 23088.
2, 3, 13, 37
What are the prime factors of 966?
2, 3, 7, 23
List the prime factors of 10980.
2, 3, 5, 61
List the prime factors of 15279.
3, 11, 463
List the prime factors of 126604.
2, 31, 1021
List the prime factors of 57602.
2, 83, 347
List the prime factors of 5143.
37, 139
List the prime factors of 137784.
2, 3, 5741
What are the prime factors of 581?
7, 83
List the prime factors of 8488.
2, 1061
What are the prime factors of 4057?
4057
List the prime factors of 25166.
2, 12583
What are the prime factors of 9550?
2, 5, 191
What are the prime factors of 16341?
3, 13, 419
What are the prime factors of 13179?
3, 23, 191
What are the prime factors of 2824?
2, 353
What are the prime factors of 592?
2, 37
List the prime factors of 1205.
5, 241
List the prime factors of 642.
2, 3, 107
List the prime factors of 217.
7, 31
What are the prime factors of 381?
3, 127
What are the prime factors of 37684?
2, 9421
List the prime factors of 12916.
2, 3229
List the prime factors of 656.
2, 41
List the prime factors of 5125.
5, 41
List the prime factors of 522.
2, 3, 29
List the prime factors of 1563.
3, 521
What are the prime factors of 91931?
7, 23, 571
List the prime factors of 1509.
3, 503
List the prime factors of 16063.
16063
What are the prime factors of 82555?
5, 11, 19, 79
List the prime factors of 40720.
2, 5, 509
What are the prime factors of 117?
3, 13
List the prime factors of 22451.
11, 13, 157
List the prime factors of 11324.
2, 19, 149
List the prime factors of 8643.
3, 43, 67
What are the prime factors of 21110?
2, 5, 2111
What are the prime factors of 185?
5, 37
List the prime factors of 2104.
2, 263
What are the prime factors of 2462?
2, 1231
List the prime factors of 1836.
2, 3, 17
List the prime factors of 1468.
2, 367
What are the prime factors of 3992?
2, 499
List the prime factors of 10.
2, 5
What are the prime factors of 570?
2, 3, 5, 19
List the prime factors of 118825.
5, 7, 97
What are the prime factors of 110730?
2, 3, 5, 3691
List the prime factors of 641.
641
List the prime factors of 19807.
29, 683
What are the prime factors of 6013?
7, 859
List the prime factors of 1079.
13, 83
List the prime factors of 1024.
2
What are the prime factors of 2157?
3, 719
List the prime factors of 73529.
73529
List the prime factors of 7393.
7393
What are the prime factors of 11590?
2, 5, 19, 61
What are the prime factors of 28487?
61, 467
What are the prime factors of 8023?
71, 113
List the prime factors of 9844.
2, 23, 107
What are the prime factors of 131562?
2, 3, 7309
What are the prime factors of 1008?
2, 3, 7
List the prime factors of 4401.
3, 163
List the prime factors of 182977.
67, 2731
List the prime factors of 78747.
3, 26249
What are the prime factors of 261?
3, 29
List the prime factors of 2341.
2341
What are the prime factors of 113314?
2, 53, 1069
List the prime factors of 1508.
2, 13, 29
List the prime factors of 50316.
2, 3, 7, 599
What are the prime factors of 1506?
2, 3, 251
List the prime factors of 1621.
1621
What are the prime factors of 504?
2, 3, 7
List the prime factors of 78360.
2, 3, 5, 653
What are the prime factors of 569?
569
List the prime factors of 745.
5, 149
What are the prime factors of 3115?
5, 7, 89
What are the prime factors of 4447?
4447
List the prime factors of 515.
5, 103
List the prime factors of 20937.
3, 7, 997
What are the prime factors of 7767?
3, 863
What are the prime factors of 7774?
2, 13, 23
List the prime factors of 1621.
1621
What are the prime factors of 189?
3, 7
List the prime factors of 1002.
2, 3, 167
List the prime factors of 22766.
2, 11383
What are the prime factors of 142?
2, 71
List the prime factors of 72092.
2, 67, 269
What are the prime factors of 14994?
2, 3, 7, 17
What are the prime factors of 4286?
2, 2143
What are the prime factors of 9123?
3, 3041
List the prime factors of 9391.
9391
List the prime factors of 4723.
4723
List the prime factors of 10958.
2, 5479
What are the prime factors of 59251?
193, 307
What are the prime factors of 27932?
2, 6983
List the prime factors of 623.
7, 89
What are the prime factors of 1564?
2, 17, 23
List the prime factors of 2795.
5, 13, 43
List the prime factors of 3715.
5, 743
What are the prime factors of 134113?
7, 17, 23
What are the prime factors of 754?
2, 13, 29
What are the prime factors of 3000?
2, 3, 5
What are the prime factors of 69691?
69691
What are the prime factors of 1855?
5, 7, 53
What are the prime factors of 5748?
2, 3, 479
What are the prime factors of 93798?
2, 3, 193
List the prime factors of 4267.
17, 251
List the prime factors of 42433.
42433
List the prime factors of 3656.
2, 457
List the prime factors of 1609.
1609
What are the prime factors of 2826?
2, 3, 157
List the prime factors of 2198.
2, 7, 157
What are the prime factors of 1842?
2, 3, 307
What are the prime factors of 544?
2, 17
List the prime factors of 836.
2, 11, 19
What are the prime factors of 434?
2, 7, 31
What are the prime factors of 25734?
2, 3, 4289
List the prime factors of 1315.
5, 263
List the prime factors of 109292.
2, 89, 307
What are the prime factors of 2779?
7, 397
List the prime factors of 39632.
2, 2477
What are the prime factors of 12816?
2, 3, 89
List the prime factors of 68537.
7, 9791
List the prime factors of 1619.
1619
List the prime factors of 1496.
2, 11, 17
What are the prime factors of 747?
3, 83
What are the prime factors of 782?
2, 17, 23
List the prime factors of 1763.
41, 43
What are the prime factors of 1338?
2, 3, 223
What are the prime factors of 40296?
2, 3, 23, 73
What are the prime factors of 775?
5, 31
List the prime factors of 321.
3, 107
List the prime factors of 63099.
3, 19, 41
What are the prime factors of 90775?
5, 3631
What are the prime factors of 1106?
2, 7, 79
What are the prime factors of 28567?
7, 11, 53
List the prime factors